et m(h) = h**2 - 4*h. Determine m(j).
0
Let o(b) be the third derivative of -b**5/30 + b**4/24 + b**3/6 - b**2. Suppose -5*t = 3*l - 27, -43*t = -4*l - 42*t + 13. What is o(l)?
-27
Let q(b) be the third derivative of -b**6/120 + b**5/10 - b**4/6 + b**3 - 1639*b**2. What is q(5)?
11
Let w be ((1/(-1))/3)/(6/18). Let p(l) = 3*l - 2*l + l**2 - 33670 + 33672 - 10*l**2. Calculate p(w).
-8
Let r(y) = -106*y + 128. Let z(s) = -653*s + 771. Let g(j) = 37*r(j) - 6*z(j). Determine g(22).
22
Let r(h) = -9*h**3 + h. Let z be 14/(-18) + (-414)/1863. Determine r(z).
8
Let z(x) = 2*x - x + 23130 - 23119 + 0*x. Suppose -5*b - 39 = -a, -b - 5*a = -6*a + 11. Determine z(b).
4
Let d(b) be the first derivative of -b**6/360 + 3*b**5/40 + 11*b**4/24 - b**3/3 - 57*b**2/2 + 33. Let l(o) be the third derivative of d(o). Calculate l(8).
19
Let f = -48 + 104. Suppose 20*g = -8*g - f. Let z(p) = p**2 + 2*p + 2. Give z(g).
2
Let o(m) = -4*m - 28. Let f(y) = 27*y - 13. Let r be f(0). Give o(r).
24
Let n(u) = 144*u + 43. Let o(v) = 323*v + 86. Let s(a) = 9*n(a) - 4*o(a). What is s(-4)?
27
Let r be (5 + -5)*(-7 + 6). Let s(u) = 5 - u + u**2 - 2*u**2 + 1. What is s(r)?
6
Let t(j) = j**3 - 6*j**2 + 2*j. Suppose 8*s - 5*s + 42 = 4*d, -5*s + 5*d = 70. Let u(w) = -w**2 - 10*w + 62. Let v be u(s). Calculate t(v).
12
Let j(c) = -24*c + 9 - 24*c - 12*c + 63*c. Give j(-15).
-36
Let n(t) = -5 + 15*t - 7328*t**3 + 6*t**2 - 7 + 7327*t**3 + 3*t. What is n(8)?
4
Let d(s) = 5*s + 51. Let c(a) = -397*a + 2371. Let k be c(6). Determine d(k).
-4
Suppose -t - 3*t = 12. Let k(n) be the third derivative of n**5/60 + n**3/3 - 2*n**2 - 871. What is k(t)?
11
Let i(t) = 0 + 21899*t + 2 - 21889*t. Give i(2).
22
Let l = 23922 + -23915. Let q(m) = m**3 - 6*m**2 - 4*m + 29. What is q(l)?
50
Let n(p) = p**2 + 15*p - 10. Let v = -85 - 482. Let h be (v/108)/((-6)/(-16)). Determine n(h).
-24
Let s = -1356 - -1350. Let l(g) = -g - 4. Determine l(s).
2
Let q(d) be the first derivative of d**4/4 - d**3/3 + d**2 + d - 6266. What is q(3)?
25
Let q(s) = -s**2 - 3*s + 4. Let a = 55 - 31. Suppose 0 = -3*x + 6, -2*c - 4*x = -0*c - a. Suppose 0 = u - 5 + c. What is q(u)?
4
Let z = 22747 + -22759. Let f(o) = -o - 34. What is f(z)?
-22
Let b(c) = 9*c**3 - 3*c + 12 + 10*c**2 - 10*c**3 - 7*c. Let w be b(9). Suppose -x - 2 = -q + 4, w*x - q = -10. Let f(a) = a**2 + 3*a + 3. Give f(x).
1
Suppose 5*v - 2*x = 48, 3*v - 3*x = 16 + 20. Suppose 2*j = -4*l + v, -3*l = -4*l + 1. Let f(s) = j*s - 9 - 3*s + 6. Determine f(3).
-6
Let d be (-42)/(-35)*70/(-6). Let a(i) = -2*i + 11. Determine a(d).
39
Let z = 77515/6 - 12919. Let g(m) be the second derivative of -25*m + z*m**3 - 25/2*m**2 + 0. Give g(0).
-25
Suppose 36*q - 39 = 33. Let c be 3/1*(-1)/(-1). Let g(p) = -p**2 - 2*p**c + p + 5*p**2 + p**3. Determine g(q).
10
Let z(c) = c**3 - 2*c**2 + c - 4. Let g(l) = 18*l + 290. Let v be g(-15). Let t be (-1)/(3*(-3)/(-153)). Let s = t + v. Determine z(s).
8
Let z = -138 - -138. Let f(w) be the third derivative of 10*w**2 - 3/2*w**3 + 0 + z*w + 1/12*w**4. Determine f(7).
5
Let g(v) = 2*v**2 - 21*v + 26. Let b be g(13). Let o = 94 - b. Suppose 0 = w + 3*l - 11, 0*w + 19 = o*w + 2*l. Let i(p) = -p**2 + 2*p + 2. Give i(w).
-13
Let l(i) = 32*i**2 - 2*i - 1. Suppose 12*g - 2*g = -10. Let y be l(g). Let z(o) = -57*o + 27*o + y*o - 4. Calculate z(4).
8
Let f(x) = -x**2 + 15*x - 61. Let c be f(7). Let z(a) = -9 - 4 - a**2 - 10*a + 11. Calculate z(c).
23
Let i(f) be the second derivative of f**4/6 - 3*f**3/2 + 2*f**2 - 1859*f. What is i(4)?
0
Let v(q) be the second derivative of -q**4/3 + q**3/6 - q**2/2 + 10815*q. Suppose 2*f = 3*f. Suppose 3*d + f*d - 3 = 0. What is v(d)?
-4
Suppose -505*m + 493*m = 60. Let l(p) = -p**3 - 5*p**2 - 4*p - 6. Determine l(m).
14
Let i(v) = -v**2 + 3*v + 5. Suppose -11 = -9*s + 25. Suppose f - 4*f = -3*a + 177, 0 = a + s*f - 74. Let h = 67 - a. Calculate i(h).
-5
Let i(q) = 11*q + 139. Suppose -4*z - 4*j - 76 = 0, 0 = z - 2*j - 41 + 36. What is i(z)?
18
Let n(t) be the first derivative of 0*t**2 + 1/4*t**4 - 12 - 5*t - 4/3*t**3. Determine n(5).
20
Let b(d) = d**2 + 14*d + 20. Let t be (-20)/(-22)*-9 + 8/44. Determine b(t).
-28
Let s(w) be the first derivative of -1/6*w**3 + w**2 + 5 + 1/12*w**4 + 2*w. Let j(c) be the first derivative of s(c). Give j(4).
14
Let x(z) = z**3 - 6*z**2 + z - 3. Let d be 3 + (4/2 - -1). Let f(k) = 3*k**3 + 6 + 2*k**3 - d*k**2 - 5*k - 4*k**3 - 2*k**3. Let u be f(-5). Calculate x(u).
3
Let x(z) = -7*z + 108. Let o = 10821 + -10800. Give x(o).
-39
Let j = 63 + -49. Suppose j*h - 12 = 11*h. Let o(d) = h*d + 2*d - 7*d + 4. Give o(7).
-3
Let w(n) = 8*n - 3. Let h(z) = 23*z - 9. Let g(x) = 6*h(x) - 17*w(x). Let j be -16*(-8)/16*(-1 + 2). Suppose -j*s + 19*s = 44. Calculate g(s).
5
Let a(x) = x + 8. Suppose 68 = 4*w + 48. Suppose 5*v = -10, 0*y - 3*y - w*v - 43 = 0. Calculate a(y).
-3
Let y = 242 + -311. Let x = 75 + y. Let z(b) = -8 + 6*b**2 - 7*b - 3*b**2 - 2*b**2 + 2. Calculate z(x).
-12
Let l(g) be the first derivative of -g**3/3 + 3*g**2 + 8*g - 1. Suppose 28*f + 33 = -12*f + 313. Determine l(f).
1
Let f(v) = v**2 - 6*v + 9. Let d(s) = 17*s - 9. Let r be d(3). Suppose 9*l - r = -5*l. Let q be (-3)/((-2)/(12/l)). Determine f(q).
9
Let k(z) be the second derivative of 1 + 94*z - 2/3*z**4 - 5*z**2 + 1/20*z**5 - 3/2*z**3. Give k(9).
-10
Let m(b) = -b**3 + 28*b**2 + 27*b + 80. Let a be (-1162)/(-40) + 125/(-2500). Give m(a).
22
Let s(r) = -470*r - 492*r + 5 + 976*r. What is s(-2)?
-23
Let g(h) be the first derivative of 5*h**2/2 - 46*h + 1163. Give g(12).
14
Let b(p) = -5*p. Let o(w) = 16*w**2 - 38*w + 1. Let m(y) = 8*b(y) - o(y). Let j(k) = -2*k + 9. Let f be j(5). Let r = 0 + f. Determine m(r).
-15
Let c(t) = 22*t - 82. Let a(o) = 17*o - 83. Let w(z) = 3*a(z) - 2*c(z). Calculate w(10).
-15
Let w be (-4 + (-200)/12)/(6/(-27)). Let b(l) = w*l**2 + 47 - 2*l + l**3 - 92*l**2 - 47. Give b(2).
8
Let v(j) = -7*j**3 + 4*j**2 - 3*j + 21. Let x(a) = -9*a**3 + 2*a**2 - 4*a + 20. Let s(i) = 4*v(i) - 3*x(i). Determine s(10).
24
Let a(h) = -h**3 - 17*h**2 + 9*h - 14. Let w(j) = -2*j**3 - 30*j**2 + 17*j - 27. Let n(g) = 11*a(g) - 6*w(g). Determine n(6).
-46
Let l be (-42)/(34/(-221)*-39). Let c(n) = -n**3 - 9*n**2 - 17*n - 4. Give c(l).
17
Let q be -5 + (-13 - -7)/(-6)*13. Let b(g) = g**2 - 3*g - 7. Let l(c) = c**2 - 2*c - 8. Let v(d) = 5*b(d) - 4*l(d). Determine v(q).
5
Suppose -5*i + 5 = -10. Suppose -4*m - m + 5 = 5*w, 0 = -i*w + m + 7. Let o(t) = -5*t + 6. Let h be o(w). Let a(g) = -g**3 - 4*g**2 + 4. Calculate a(h).
4
Let x(i) = 10295*i**3 - 8*i**2 - 10294*i**3 - 7 - 4*i + 11*i. Suppose 1 - 4 = -3*o. Let u be (o - 2)*1*-7. Give x(u).
-7
Let h(b) be the third derivative of -5*b**4/12 - 7*b**3/2 - 48*b**2 - 14*b. Calculate h(8).
-101
Let k(n) = -2*n + 1512*n**3 + n - 1513*n**3 + 5 + 9*n**2 - 3*n**2. Give k(5).
25
Let c(l) = -69*l - 27. Let u(z) = -33*z - 1. Let x(p) = -c(p) + 2*u(p). Give x(-6).
7
Let w(p) = p**3 + 34*p**2 + 91*p - 64. Let i be w(-31). Let u be (-48)/(-264) + 42/11 - i. Let k(n) = n**2 - 5*n + 4. Give k(u).
10
Let x(j) = -j**3 - 4*j**2 - j - 2. Let p(k) = -k**3 + k**2 + k + 1. Let z be p(2). Let i be ((-6)/(-21))/(z/(-7)). Suppose -i*l = 4*l + 24. What is x(l)?
2
Let b(t) = 3*t**3 - 200*t**2 + 61*t - 41. Let a(f) = 2*f**3 - 119*f**2 + 30*f - 20. Let u(h) = -5*a(h) + 3*b(h). Give u(-9).
4
Suppose 2*p = -3*y + 18, 2*p + 28 = 6*p + 4*y. Suppose 5*l + 29 = -m + p*m, 5*l - 39 = -2*m. Suppose m - 26 = -g. Let k(r) = -r**2 + 9*r - 6. What is k(g)?
-6
Let h(g) be the first derivative of 1 + 0*g + 10/3*g**3 + 0*g**2. Give h(1).
10
Suppose 2*z + 66 = 3*h, -h = 3*z + 75 + 46. Let o(u) = -u**2 - 56*u - 660. Calculate o(z).
3
Let q(d) = -d**2 - 10*d + 5. Suppose -2*j - 5*f = -68, 0*j - f - 20 = -j. Suppose -48 = 4*s + 2*b, 15*s - 11*s = 4*b - j. Give q(s).
5
Suppose -10*m + 5*m = -7*k - 50 + 10, 3*k = 0. Let t(r) = r**2 - 7*r - 15. Give t(m).
-7
Let t(o) = 11*o - 16. Let a be (-2)/((-5)/(455/26)). Determine t(a).
61
Suppose -76 = -10*v + 14. Let w = 17 - v. Let o be 52/w - (-4)/(-8). Let g(k) = k**2 - 4*k - 7. Give g(o).
5
Suppose 3*w - 3 = l, 0 = -w + 3*l - 0 - 7. Let i be (w/(-3))/((-6)/27). Let t(u) = -3567 - u + 0*u**3 + 0*u**3 + 4*u**2 + 3568 - u**3. Give t(i).
7
Let r(u) be the third derivat